*i + 90. What is the greatest common divisor of k and v?
5
Suppose 5*c - 414 = 306. What is the highest common factor of 16 and c?
16
Let n = -3 + 1. Let x be 6/3 - -7 - n. Calculate the highest common divisor of 44 and x.
11
Let m(z) = -4*z - 20. Let p be m(-8). What is the highest common factor of p and 108?
12
Let w(h) = -7*h + 1. Let p be w(-1). Suppose 0 = g - 3*x - 76, g + 2*x - 360 = -3*g. What is the greatest common divisor of p and g?
8
Let i(y) = -2*y**2 + 6*y - 7. Let c be i(5). Let v = 67 + c. What is the highest common divisor of 8 and v?
8
Suppose 0 = -2*x + 10, 2*x - 18 = 2*i - 2*x. Suppose -3 - i = -k. Suppose -5*p - 7 = -k*s + 10, -s + 14 = 2*p. What is the highest common factor of 72 and s?
8
Let w(c) = -c**2 + 10*c + 5. Let r be w(10). What is the highest common divisor of r and 45?
5
Suppose 48 = 13*b - 9*b. Let c(g) = 3*g**2. Let i be c(-4). What is the greatest common factor of b and i?
12
Let i(l) = -l**2 + 7*l - 1. Let b be i(5). Suppose -t + 5 = 0, -2*v - 4*t = -b - 7. Let u be 8*v*(2 + -3). Calculate the highest common factor of 40 and u.
8
Suppose 3*x + 0*x = 726. Suppose 86 + 2 = 4*i. What is the greatest common divisor of i and x?
22
Let z(y) = y - 3. Let j be z(3). Suppose -3*g + m + 6 = j, 4*m = -2*g + g - 11. Let r be 5 - 3 - 0/g. Calculate the highest common divisor of r and 22.
2
Suppose 2*z + 40 = v + 3*z, 4*v + 3*z = 162. What is the highest common factor of 14 and v?
14
Suppose 0 = 3*x + r - 72, -2*x - 19 = -3*x - 2*r. Suppose b + 4*b = x. Calculate the highest common divisor of b and 45.
5
Let q be (0 + 2)*35/14. Calculate the greatest common factor of 1 and q.
1
Suppose 3*m = -0*m. Suppose -p + 8 = -m*p. What is the highest common factor of 8 and p?
8
Let a = 19 - 12. Let l(g) = -g**2 + 9*g - 9. Let d be l(a). Calculate the greatest common divisor of d and 35.
5
Let m = 45 - 36. Let h(i) be the second derivative of -27*i**5/20 + i**4/12 + i**3/6 - i. Let u be h(-1). Calculate the highest common factor of m and u.
9
Let o(v) = v**3 + 4*v**2 + 6*v. Let f be o(-4). Let r be (f/(-10))/(3/110). Calculate the greatest common divisor of 11 and r.
11
Let r = -116 - -125. Calculate the highest common factor of 99 and r.
9
Suppose 3*w = -5*g + 5, -4*w = -3*g - 35 + 9. Suppose -10 = -13*q + 12*q. What is the highest common factor of w and q?
5
Let r be (-20)/90 - 317/(-9). Calculate the highest common factor of r and 7.
7
Suppose -2*n = -4*n + 6. Calculate the greatest common divisor of 21 and n.
3
Let d = -31 - -61. Let m be (-96)/(-9) - 6/9. What is the greatest common factor of m and d?
10
Let d be -2*((-11)/2 + 2). Suppose 2*o = d*o - 20. Suppose o*y - 475 = -y. What is the highest common divisor of 38 and y?
19
Let t(y) = -7*y + 3. Let u be t(-1). Suppose -5*s = 3*p - 13, -p - 4*s = p - u. Calculate the greatest common factor of 8 and p.
1
Let n(w) = 2*w + 16. Let a be n(0). Let v = a - 15. Calculate the highest common factor of v and 11.
1
Suppose -b - 9 = -19. Calculate the highest common factor of 25 and b.
5
Let x = 0 + 2. Suppose -3*s + 3*u = -36, x*s = u + 9 + 15. What is the highest common divisor of 108 and s?
12
Let v(f) = f + 4. Let l be v(6). What is the greatest common divisor of l and 2?
2
Suppose -d + 2 = 0, -5*x = -2*x - 2*d + 4. Let s = 16 + 0. Suppose x = 2*m - l - s, -6*l - 10 = -m - 5*l. What is the highest common divisor of m and 42?
6
Let r be (30/(-7))/(1/(-7)). Let j be 15/5 + (0 - -3). Suppose 100 = j*y - y. Calculate the highest common factor of r and y.
10
Let y(t) be the third derivative of -t**6/120 - t**5/20 + t**4/24 - 2*t**3/3 + 3*t**2. Let c be y(-4). Calculate the greatest common factor of 40 and c.
8
Let p = -32 - -14. Let m = p + 29. Calculate the highest common divisor of m and 121.
11
Let l(a) = 15 - 2*a**3 + 3*a**3 - 2*a - 11*a**2 + a. Let o be l(11). Suppose 4*w - 144 = -0*w. Calculate the highest common factor of w and o.
4
Let w = 480 - 271. What is the highest common divisor of w and 19?
19
Suppose 4*q - 101 = 3*u, 3*q + u - 73 = 6*u. Calculate the greatest common factor of q and 13.
13
Suppose -4*q = 3*m - 28, 4*q - 7*q + 12 = 0. Suppose -2*h + 126 = 5*b, b + 68 = m*b + 5*h. Calculate the greatest common factor of b and 13.
13
Suppose -5*g + 812 = 212. Suppose 180*i - 175*i = 75. Calculate the highest common divisor of i and g.
15
Let n(g) = -g**3 - 2*g**2 - 5*g - 3. Let d be n(-3). Suppose 23 = 4*x - d. Calculate the highest common factor of x and 33.
11
Let x be (-7 - -1)*(-3)/9. Let a be (x/5)/((-2)/(-10)). Let d be -2*(-2)/8*a. Calculate the highest common factor of 11 and d.
1
Suppose -4*n + 240 = -n. Let h be (-30)/(-8)*n/15. Let m be 0/1 + 8 + 0. What is the greatest common divisor of m and h?
4
Let g(i) = i**2 + 4. Let d be g(7). Suppose 2*u = d + 19. Calculate the greatest common factor of u and 24.
12
Let p be (-1 - (-7 + -2))*1. What is the greatest common factor of p and 144?
8
Suppose -7*i + 70 = -5*i. What is the greatest common divisor of 7 and i?
7
Let g(k) = -k + 3. Suppose 2*i - 5 = x - 0*x, 4*x + 20 = -3*i. Let w be g(i). What is the greatest common divisor of w and 33?
3
Let c be ((-3)/2)/((-6)/1136). Suppose -2*r + 4*l - c = r, 4*l = r + 108. Let a be (2/(-4))/(2/r). Calculate the highest common factor of a and 55.
11
Let x = -6 + 7. Let r be 1 + -2 + x - -4. Suppose -4*b + 150 = -5*l, -r*b - b = -3*l - 181. Calculate the highest common factor of b and 5.
5
Suppose -6 = t - 22. Suppose 5*c - 278 = 3*c + 5*o, 146 = c + o. Calculate the greatest common divisor of c and t.
16
Suppose 3*t + 9 = 0, 3*k + 2*t - 33 = -3*t. Let z = 14 - -68. Suppose 4*x + 84 = 3*m, -5*m + 41 + z = -x. What is the highest common factor of k and m?
8
Let z(g) = 4*g**2 - 2*g - 1. Let r be z(-1). Let y be (-2)/9 - (-28)/(-36). Let b = r - y. What is the greatest common factor of 18 and b?
6
Suppose -3*y = 6, -70 = -2*k - 2*k - y. Calculate the greatest common factor of k and 18.
18
Let b(v) = 19*v**2 - v - 1. Let n be b(-2). Suppose -15 = -d - 4. Calculate the greatest common factor of d and n.
11
Let k(i) = i**3 - 1. Let l be k(0). Let s be (l + 1)/((-8)/4). Let v = s + 3. Calculate the greatest common factor of v and 21.
3
Let c(h) = -7*h - 4. Let v be c(-5). Suppose -v = -5*k + 59. What is the highest common factor of k and 45?
9
Suppose -4*l - 119 = -3*t + 233, -5*l + 227 = 2*t. Let s = t - -10. Let w = 0 - -18. What is the greatest common factor of s and w?
18
Let q(h) = h**3 + 4*h**2 - 3*h - 1. Let c be q(-4). Suppose 5*u + c - 26 = 0. Suppose u*j + 42 = 6*j. What is the highest common factor of j and 21?
7
Let q(v) = v**3 + 14*v**2 + 4*v - 39. Let p be q(-13). Suppose 0*k = -3*o - 5*k + 78, -o + k = -26. Calculate the highest common divisor of p and o.
26
Suppose -2*v + 5*v = 3. Let d be (v - (0 - 0)) + -1. Let i = d + 9. What is the highest common factor of i and 36?
9
Suppose -40 = -4*s + 5*v + 36, -57 = -3*s + 2*v. Calculate the highest common divisor of s and 133.
19
Let j be 24/(-56) + (-2214)/(-21). Calculate the greatest common factor of 15 and j.
15
Let q(b) = -1 + 3 - 3*b**2 + b**2 + 3*b**3 + 0*b**3. Let r be q(2). What is the highest common factor of 12 and r?
6
Let k be (1/(-3))/((-1)/15). Let x(o) = -27*o + 1. Let s be x(k). Let h = -24 - s. Calculate the highest common divisor of h and 10.
10
Let j be ((-308)/35)/(4/(-10)). Calculate the highest common factor of 55 and j.
11
Suppose -10 = 2*u, -14 = -4*d - 4*u + 6. Let p(m) = m**2 + 5*m + 1. Let q be p(-7). Calculate the highest common divisor of q and d.
5
Suppose -d + 4*i = -19 + 45, -2*i = 2*d + 22. Let g be (-1 - d/(-6))*-6. Calculate the greatest common factor of 4 and g.
4
Let u(w) = -w**2 + 1. Let f be u(1). Let y be 3 + (-3)/(f + -3). Suppose -19 = -o - y. Calculate the highest common divisor of 15 and o.
15
Suppose -2*f = 3*f - 75. Suppose 3*i = -2*i + 5*k + f, 2*k = -i. Calculate the greatest common divisor of 5 and i.
1
Let p = -14 + 95. What is the highest common divisor of p and 3?
3
Suppose 195 = 2*t - 111. What is the greatest common divisor of 17 and t?
17
Let j be 1/1 - (-41 - 2). Calculate the greatest common divisor of 66 and j.
22
Let k = 6 + -3. Suppose 5*j = -2*f - 3, 5*f + 2 = -k*j + 4. Calculate the greatest common factor of f and 8.
1
Let p = 1 - -2. Suppose -p*f = -1 - 5. Let 